{"id":938,"date":"2022-04-26T13:44:56","date_gmt":"2022-04-26T13:44:56","guid":{"rendered":"https:\/\/casaingcosur.com\/?post_type=product&#038;p=938"},"modified":"2023-05-20T03:55:18","modified_gmt":"2023-05-20T03:55:18","slug":"carretilla-90l-llanta-neumatica-ingco","status":"publish","type":"product","link":"https:\/\/casaingcosur.com\/?product=carretilla-90l-llanta-neumatica-ingco","title":{"rendered":"CARRETILLA 90L LLANTA NEUMATICA INGCO"},"content":{"rendered":"<p>Carga (kg): 150<br \/>\nCapacidad de agua (L): 90;<br \/>\nCapacidad de arena (CBF): 6;<br \/>\nRueda: 16 \u00abX4.00-8, rueda neum\u00e1tica con<br \/>\nrodamiento<br \/>\n4PR, neum\u00e1tico con l\u00edneas de diamante,<br \/>\nL * H * C * A * B * h (mm):<br \/>\n1400x610x595x860x600x280mm<br \/>\nBandeja con 1,0 mm de espesor.<br \/>\nMango con 1.2x32mm<br \/>\nMango de agarre suave de dos tonos<br \/>\nPierna con 1.2x28mm<\/p>\n","protected":false},"excerpt":{"rendered":"<p>Carga (kg): 150 Capacidad de agua (L): 90; Capacidad de arena (CBF): 6; Rueda: 16 \u00abX4.00-8, rueda neum\u00e1tica con rodamiento 4PR, neum\u00e1tico con l\u00edneas de diamante, L * H * C * A * B * h (mm): 1400x610x595x860x600x280mm Bandeja con 1,0 mm de espesor. Mango con 1.2x32mm Mango de agarre suave de dos tonos &hellip;<\/p>\n<p class=\"read-more\"> <a class=\" thunk-readmore button \" href=\"https:\/\/casaingcosur.com\/?product=carretilla-90l-llanta-neumatica-ingco\"> <span class=\"screen-reader-text\">CARRETILLA 90L LLANTA NEUMATICA INGCO<\/span>Leer m\u00e1s<\/a><\/p>\n","protected":false},"featured_media":965,"comment_status":"open","ping_status":"closed","template":"","meta":[],"product_cat":[78,34],"product_tag":[],"class_list":{"0":"post-938","1":"product","2":"type-product","3":"status-publish","4":"has-post-thumbnail","6":"product_cat-carretillas","7":"product_cat-herramientas-manuales","8":"thunk-woo-product-list","9":"opn-qv-enable","10":"open-woo-hover-","11":"open-single-product-tab-horizontal","12":"open-shadow-","13":"open-shadow-hover-","15":"first","16":"instock","17":"shipping-taxable","18":"purchasable","19":"product-type-simple"},"_links":{"self":[{"href":"https:\/\/casaingcosur.com\/index.php?rest_route=\/wp\/v2\/product\/938","targetHints":{"allow":["GET"]}}],"collection":[{"href":"https:\/\/casaingcosur.com\/index.php?rest_route=\/wp\/v2\/product"}],"about":[{"href":"https:\/\/casaingcosur.com\/index.php?rest_route=\/wp\/v2\/types\/product"}],"replies":[{"embeddable":true,"href":"https:\/\/casaingcosur.com\/index.php?rest_route=%2Fwp%2Fv2%2Fcomments&post=938"}],"wp:featuredmedia":[{"embeddable":true,"href":"https:\/\/casaingcosur.com\/index.php?rest_route=\/wp\/v2\/media\/965"}],"wp:attachment":[{"href":"https:\/\/casaingcosur.com\/index.php?rest_route=%2Fwp%2Fv2%2Fmedia&parent=938"}],"wp:term":[{"taxonomy":"product_cat","embeddable":true,"href":"https:\/\/casaingcosur.com\/index.php?rest_route=%2Fwp%2Fv2%2Fproduct_cat&post=938"},{"taxonomy":"product_tag","embeddable":true,"href":"https:\/\/casaingcosur.com\/index.php?rest_route=%2Fwp%2Fv2%2Fproduct_tag&post=938"}],"curies":[{"name":"wp","href":"https:\/\/api.w.org\/{rel}","templated":true}]}}