{"id":78,"date":"2022-04-26T13:41:32","date_gmt":"2022-04-26T13:41:32","guid":{"rendered":"https:\/\/casaingcosur.com\/?post_type=product&#038;p=78"},"modified":"2022-04-26T14:15:49","modified_gmt":"2022-04-26T14:15:49","slug":"compresor-de-aire-automatico-120psi-12v-ingco","status":"publish","type":"product","link":"https:\/\/casaingcosur.com\/?product=compresor-de-aire-automatico-120psi-12v-ingco","title":{"rendered":"COMPRESOR DE AIRE AUTOMATICO 120PSI &#8211; 12V INGCO"},"content":{"rendered":"<p>Compresor de aire resistente con luz<br \/>\nFuente de alimentaci\u00f3n: 12V, corriente clasificada: 18A<br \/>\nPresi\u00f3n m\u00e1xima: 120PSI,<br \/>\nDuraci\u00f3n del tiempo de trabajo: 15 minutos<br \/>\nManguera de aire de 5M con adaptador de lat\u00f3n de liberaci\u00f3n r\u00e1pida<br \/>\nIndicador de presi\u00f3n de alta calidad 120PSI<br \/>\nCable de 3M con clips de bater\u00eda<br \/>\ncon 3PCS LED<br \/>\n2x Di\u00e1metro del cilindro: 30 mm<\/p>\n","protected":false},"excerpt":{"rendered":"<p>Compresor de aire resistente con luz Fuente de alimentaci\u00f3n: 12V, corriente clasificada: 18A Presi\u00f3n m\u00e1xima: 120PSI, Duraci\u00f3n del tiempo de trabajo: 15 minutos Manguera de aire de 5M con adaptador de lat\u00f3n de liberaci\u00f3n r\u00e1pida Indicador de presi\u00f3n de alta calidad 120PSI Cable de 3M con clips de bater\u00eda con 3PCS LED 2x Di\u00e1metro del &hellip;<\/p>\n<p class=\"read-more\"> <a class=\" thunk-readmore button \" href=\"https:\/\/casaingcosur.com\/?product=compresor-de-aire-automatico-120psi-12v-ingco\"> <span class=\"screen-reader-text\">COMPRESOR DE AIRE AUTOMATICO 120PSI &#8211; 12V INGCO<\/span>Leer m\u00e1s<\/a><\/p>\n","protected":false},"featured_media":108,"comment_status":"open","ping_status":"closed","template":"","meta":[],"product_cat":[32],"product_tag":[],"class_list":{"0":"post-78","1":"product","2":"type-product","3":"status-publish","4":"has-post-thumbnail","6":"product_cat-herramientas-neumaticas","7":"thunk-woo-product-list","8":"opn-qv-enable","9":"open-woo-hover-","10":"open-single-product-tab-horizontal","11":"open-shadow-","12":"open-shadow-hover-","14":"first","15":"outofstock","16":"shipping-taxable","17":"purchasable","18":"product-type-simple"},"_links":{"self":[{"href":"https:\/\/casaingcosur.com\/index.php?rest_route=\/wp\/v2\/product\/78","targetHints":{"allow":["GET"]}}],"collection":[{"href":"https:\/\/casaingcosur.com\/index.php?rest_route=\/wp\/v2\/product"}],"about":[{"href":"https:\/\/casaingcosur.com\/index.php?rest_route=\/wp\/v2\/types\/product"}],"replies":[{"embeddable":true,"href":"https:\/\/casaingcosur.com\/index.php?rest_route=%2Fwp%2Fv2%2Fcomments&post=78"}],"wp:featuredmedia":[{"embeddable":true,"href":"https:\/\/casaingcosur.com\/index.php?rest_route=\/wp\/v2\/media\/108"}],"wp:attachment":[{"href":"https:\/\/casaingcosur.com\/index.php?rest_route=%2Fwp%2Fv2%2Fmedia&parent=78"}],"wp:term":[{"taxonomy":"product_cat","embeddable":true,"href":"https:\/\/casaingcosur.com\/index.php?rest_route=%2Fwp%2Fv2%2Fproduct_cat&post=78"},{"taxonomy":"product_tag","embeddable":true,"href":"https:\/\/casaingcosur.com\/index.php?rest_route=%2Fwp%2Fv2%2Fproduct_tag&post=78"}],"curies":[{"name":"wp","href":"https:\/\/api.w.org\/{rel}","templated":true}]}}