{"id":772,"date":"2022-04-26T13:44:05","date_gmt":"2022-04-26T13:44:05","guid":{"rendered":"https:\/\/casaingcosur.com\/?post_type=product&#038;p=772"},"modified":"2022-04-26T14:16:09","modified_gmt":"2022-04-26T14:16:09","slug":"casco-de-seguridad-rojo-ingco","status":"publish","type":"product","link":"https:\/\/casaingcosur.com\/?product=casco-de-seguridad-rojo-ingco","title":{"rendered":"CASCO DE SEGURIDAD ROJO INGCO"},"content":{"rendered":"<p>PP Casco<br \/>\nRefuerzo superior tipo \u00abV\u00bb<br \/>\nSuspensi\u00f3n de 4 puntos Ajuste el tama\u00f1o de la cabeza por la hebilla Material de revestimiento: Pl\u00e1stico Clase: G<\/p>\n","protected":false},"excerpt":{"rendered":"<p>PP Casco Refuerzo superior tipo \u00abV\u00bb Suspensi\u00f3n de 4 puntos Ajuste el tama\u00f1o de la cabeza por la hebilla Material de revestimiento: Pl\u00e1stico Clase: G<\/p>\n","protected":false},"featured_media":792,"comment_status":"open","ping_status":"closed","template":"","meta":[],"product_cat":[65],"product_tag":[],"class_list":{"0":"post-772","1":"product","2":"type-product","3":"status-publish","4":"has-post-thumbnail","6":"product_cat-seguridad-industrial","7":"thunk-woo-product-list","8":"opn-qv-enable","9":"open-woo-hover-","10":"open-single-product-tab-horizontal","11":"open-shadow-","12":"open-shadow-hover-","14":"first","15":"instock","16":"shipping-taxable","17":"purchasable","18":"product-type-simple"},"_links":{"self":[{"href":"https:\/\/casaingcosur.com\/index.php?rest_route=\/wp\/v2\/product\/772","targetHints":{"allow":["GET"]}}],"collection":[{"href":"https:\/\/casaingcosur.com\/index.php?rest_route=\/wp\/v2\/product"}],"about":[{"href":"https:\/\/casaingcosur.com\/index.php?rest_route=\/wp\/v2\/types\/product"}],"replies":[{"embeddable":true,"href":"https:\/\/casaingcosur.com\/index.php?rest_route=%2Fwp%2Fv2%2Fcomments&post=772"}],"wp:featuredmedia":[{"embeddable":true,"href":"https:\/\/casaingcosur.com\/index.php?rest_route=\/wp\/v2\/media\/792"}],"wp:attachment":[{"href":"https:\/\/casaingcosur.com\/index.php?rest_route=%2Fwp%2Fv2%2Fmedia&parent=772"}],"wp:term":[{"taxonomy":"product_cat","embeddable":true,"href":"https:\/\/casaingcosur.com\/index.php?rest_route=%2Fwp%2Fv2%2Fproduct_cat&post=772"},{"taxonomy":"product_tag","embeddable":true,"href":"https:\/\/casaingcosur.com\/index.php?rest_route=%2Fwp%2Fv2%2Fproduct_tag&post=772"}],"curies":[{"name":"wp","href":"https:\/\/api.w.org\/{rel}","templated":true}]}}