{"id":754,"date":"2022-04-26T13:44:04","date_gmt":"2022-04-26T13:44:04","guid":{"rendered":"https:\/\/casaingcosur.com\/?post_type=product&#038;p=754"},"modified":"2022-04-26T14:16:08","modified_gmt":"2022-04-26T14:16:08","slug":"medidor-distancia-40m-ingco","status":"publish","type":"product","link":"https:\/\/casaingcosur.com\/?product=medidor-distancia-40m-ingco","title":{"rendered":"MEDIDOR DISTANCIA 40M INGCO"},"content":{"rendered":"<p>Rango de medici\u00f3n: 0.2-40m<\/p>\n<p>Precisi\u00f3n de medici\u00f3n: \u00b1 2.0mm<\/p>\n<p>Tipo de l\u00e1ser: 620 ~ 690nm, &lt;1mW, Clase 2<\/p>\n<p>Temperatura de funcionamiento: -10 \u00b0 C ~ + 50 \u00b0 C<br \/>\nTemperatura de almacenamiento: -20 \u00b0 C ~ + 65 \u00b0 C<\/p>\n<p>Medidas hist\u00f3ricas: 50 valores.<\/p>\n<p>Prueba de salpicaduras \/ protecci\u00f3n contra el polvo: IP54<\/p>\n<p>Bater\u00edas: AAA, 2&#215;1.5V, hasta 5000 mediciones<\/p>\n","protected":false},"excerpt":{"rendered":"<p>Rango de medici\u00f3n: 0.2-40m Precisi\u00f3n de medici\u00f3n: \u00b1 2.0mm Tipo de l\u00e1ser: 620 ~ 690nm, &lt;1mW, Clase 2 Temperatura de funcionamiento: -10 \u00b0 C ~ + 50 \u00b0 C Temperatura de almacenamiento: -20 \u00b0 C ~ + 65 \u00b0 C Medidas hist\u00f3ricas: 50 valores. Prueba de salpicaduras \/ protecci\u00f3n contra el polvo: IP54 Bater\u00edas: AAA, &hellip;<\/p>\n<p class=\"read-more\"> <a class=\" thunk-readmore button \" href=\"https:\/\/casaingcosur.com\/?product=medidor-distancia-40m-ingco\"> <span class=\"screen-reader-text\">MEDIDOR DISTANCIA 40M INGCO<\/span>Leer m\u00e1s<\/a><\/p>\n","protected":false},"featured_media":782,"comment_status":"open","ping_status":"closed","template":"","meta":[],"product_cat":[52],"product_tag":[],"class_list":{"0":"post-754","1":"product","2":"type-product","3":"status-publish","4":"has-post-thumbnail","6":"product_cat-herramientas-de-medicion","7":"thunk-woo-product-list","8":"opn-qv-enable","9":"open-woo-hover-","10":"open-single-product-tab-horizontal","11":"open-shadow-","12":"open-shadow-hover-","14":"first","15":"instock","16":"shipping-taxable","17":"purchasable","18":"product-type-simple"},"_links":{"self":[{"href":"https:\/\/casaingcosur.com\/index.php?rest_route=\/wp\/v2\/product\/754","targetHints":{"allow":["GET"]}}],"collection":[{"href":"https:\/\/casaingcosur.com\/index.php?rest_route=\/wp\/v2\/product"}],"about":[{"href":"https:\/\/casaingcosur.com\/index.php?rest_route=\/wp\/v2\/types\/product"}],"replies":[{"embeddable":true,"href":"https:\/\/casaingcosur.com\/index.php?rest_route=%2Fwp%2Fv2%2Fcomments&post=754"}],"wp:featuredmedia":[{"embeddable":true,"href":"https:\/\/casaingcosur.com\/index.php?rest_route=\/wp\/v2\/media\/782"}],"wp:attachment":[{"href":"https:\/\/casaingcosur.com\/index.php?rest_route=%2Fwp%2Fv2%2Fmedia&parent=754"}],"wp:term":[{"taxonomy":"product_cat","embeddable":true,"href":"https:\/\/casaingcosur.com\/index.php?rest_route=%2Fwp%2Fv2%2Fproduct_cat&post=754"},{"taxonomy":"product_tag","embeddable":true,"href":"https:\/\/casaingcosur.com\/index.php?rest_route=%2Fwp%2Fv2%2Fproduct_tag&post=754"}],"curies":[{"name":"wp","href":"https:\/\/api.w.org\/{rel}","templated":true}]}}