{"id":720,"date":"2022-04-26T13:43:52","date_gmt":"2022-04-26T13:43:52","guid":{"rendered":"https:\/\/casaingcosur.com\/?post_type=product&#038;p=720"},"modified":"2022-04-26T14:16:08","modified_gmt":"2022-04-26T14:16:08","slug":"flexometro-5-metros-profesional-ingco","status":"publish","type":"product","link":"https:\/\/casaingcosur.com\/?product=flexometro-5-metros-profesional-ingco","title":{"rendered":"FLEXOMETRO 5 METROS PROFESIONAL  INGCO"},"content":{"rendered":"<p>Largo y ancho: 5mx19mm<br \/>\nDoble boton<br \/>\nCon m\u00e9trica y pulgada.<br \/>\nDise\u00f1o \u00fanico de INGCO<br \/>\nCubierta de material ABS puro<\/p>\n","protected":false},"excerpt":{"rendered":"<p>Largo y ancho: 5mx19mm Doble boton Con m\u00e9trica y pulgada. Dise\u00f1o \u00fanico de INGCO Cubierta de material ABS puro<\/p>\n","protected":false},"featured_media":745,"comment_status":"open","ping_status":"closed","template":"","meta":[],"product_cat":[52],"product_tag":[],"class_list":{"0":"post-720","1":"product","2":"type-product","3":"status-publish","4":"has-post-thumbnail","6":"product_cat-herramientas-de-medicion","7":"thunk-woo-product-list","8":"opn-qv-enable","9":"open-woo-hover-","10":"open-single-product-tab-horizontal","11":"open-shadow-","12":"open-shadow-hover-","14":"first","15":"instock","16":"shipping-taxable","17":"purchasable","18":"product-type-simple"},"_links":{"self":[{"href":"https:\/\/casaingcosur.com\/index.php?rest_route=\/wp\/v2\/product\/720","targetHints":{"allow":["GET"]}}],"collection":[{"href":"https:\/\/casaingcosur.com\/index.php?rest_route=\/wp\/v2\/product"}],"about":[{"href":"https:\/\/casaingcosur.com\/index.php?rest_route=\/wp\/v2\/types\/product"}],"replies":[{"embeddable":true,"href":"https:\/\/casaingcosur.com\/index.php?rest_route=%2Fwp%2Fv2%2Fcomments&post=720"}],"wp:featuredmedia":[{"embeddable":true,"href":"https:\/\/casaingcosur.com\/index.php?rest_route=\/wp\/v2\/media\/745"}],"wp:attachment":[{"href":"https:\/\/casaingcosur.com\/index.php?rest_route=%2Fwp%2Fv2%2Fmedia&parent=720"}],"wp:term":[{"taxonomy":"product_cat","embeddable":true,"href":"https:\/\/casaingcosur.com\/index.php?rest_route=%2Fwp%2Fv2%2Fproduct_cat&post=720"},{"taxonomy":"product_tag","embeddable":true,"href":"https:\/\/casaingcosur.com\/index.php?rest_route=%2Fwp%2Fv2%2Fproduct_tag&post=720"}],"curies":[{"name":"wp","href":"https:\/\/api.w.org\/{rel}","templated":true}]}}