{"id":703,"date":"2022-04-26T13:43:51","date_gmt":"2022-04-26T13:43:51","guid":{"rendered":"https:\/\/casaingcosur.com\/?post_type=product&#038;p=703"},"modified":"2022-04-26T14:16:07","modified_gmt":"2022-04-26T14:16:07","slug":"tecle-1-ton-ingco","status":"publish","type":"product","link":"https:\/\/casaingcosur.com\/?product=tecle-1-ton-ingco","title":{"rendered":"TECLE 1 TON INGCO"},"content":{"rendered":"<p>Peso de levantamiento de clasificaci\u00f3n: 1Ton<br \/>\nAltura de elevaci\u00f3n: 3 m<br \/>\nN\u00famero de cadena de carga: 1<br \/>\nDistancia del gancho al gancho: 300 mm<br \/>\nChainpull para levantar la carga completa: 322.5 N<br \/>\nPeso neto: 10 kg<\/p>\n","protected":false},"excerpt":{"rendered":"<p>Peso de levantamiento de clasificaci\u00f3n: 1Ton Altura de elevaci\u00f3n: 3 m N\u00famero de cadena de carga: 1 Distancia del gancho al gancho: 300 mm Chainpull para levantar la carga completa: 322.5 N Peso neto: 10 kg<\/p>\n","protected":false},"featured_media":733,"comment_status":"open","ping_status":"closed","template":"","meta":[],"product_cat":[34],"product_tag":[],"class_list":{"0":"post-703","1":"product","2":"type-product","3":"status-publish","4":"has-post-thumbnail","6":"product_cat-herramientas-manuales","7":"thunk-woo-product-list","8":"opn-qv-enable","9":"open-woo-hover-","10":"open-single-product-tab-horizontal","11":"open-shadow-","12":"open-shadow-hover-","14":"first","15":"instock","16":"shipping-taxable","17":"purchasable","18":"product-type-simple"},"_links":{"self":[{"href":"https:\/\/casaingcosur.com\/index.php?rest_route=\/wp\/v2\/product\/703","targetHints":{"allow":["GET"]}}],"collection":[{"href":"https:\/\/casaingcosur.com\/index.php?rest_route=\/wp\/v2\/product"}],"about":[{"href":"https:\/\/casaingcosur.com\/index.php?rest_route=\/wp\/v2\/types\/product"}],"replies":[{"embeddable":true,"href":"https:\/\/casaingcosur.com\/index.php?rest_route=%2Fwp%2Fv2%2Fcomments&post=703"}],"wp:featuredmedia":[{"embeddable":true,"href":"https:\/\/casaingcosur.com\/index.php?rest_route=\/wp\/v2\/media\/733"}],"wp:attachment":[{"href":"https:\/\/casaingcosur.com\/index.php?rest_route=%2Fwp%2Fv2%2Fmedia&parent=703"}],"wp:term":[{"taxonomy":"product_cat","embeddable":true,"href":"https:\/\/casaingcosur.com\/index.php?rest_route=%2Fwp%2Fv2%2Fproduct_cat&post=703"},{"taxonomy":"product_tag","embeddable":true,"href":"https:\/\/casaingcosur.com\/index.php?rest_route=%2Fwp%2Fv2%2Fproduct_tag&post=703"}],"curies":[{"name":"wp","href":"https:\/\/api.w.org\/{rel}","templated":true}]}}