{"id":495,"date":"2022-04-26T13:43:09","date_gmt":"2022-04-26T13:43:09","guid":{"rendered":"https:\/\/casaingcosur.com\/?post_type=product&#038;p=495"},"modified":"2022-04-26T14:16:01","modified_gmt":"2022-04-26T14:16:01","slug":"juego-de-llaves-hex-y-torx-18pcs-ingco","status":"publish","type":"product","link":"https:\/\/casaingcosur.com\/?product=juego-de-llaves-hex-y-torx-18pcs-ingco","title":{"rendered":"JUEGO DE LLAVES HEX Y TORX 18PCS INGCO"},"content":{"rendered":"<p>Juego de llaves hexagonales y llaves torx de 18 piezas<br \/>\nIncluir:<br \/>\nLlave Hexagonal de 9 Piezas<br \/>\nTama\u00f1o: 1.5-10mm<br \/>\nLlave Torx de 9 piezas<br \/>\nTama\u00f1o: T10-T50<br \/>\nBrazo extra largo<br \/>\nMaterial: Cr-V<br \/>\nTratamiento t\u00e9rmico y placa cromada.<\/p>\n","protected":false},"excerpt":{"rendered":"<p>Juego de llaves hexagonales y llaves torx de 18 piezas Incluir: Llave Hexagonal de 9 Piezas Tama\u00f1o: 1.5-10mm Llave Torx de 9 piezas Tama\u00f1o: T10-T50 Brazo extra largo Material: Cr-V Tratamiento t\u00e9rmico y placa cromada.<\/p>\n","protected":false},"featured_media":524,"comment_status":"open","ping_status":"closed","template":"","meta":[],"product_cat":[34,58],"product_tag":[],"class_list":{"0":"post-495","1":"product","2":"type-product","3":"status-publish","4":"has-post-thumbnail","6":"product_cat-herramientas-manuales","7":"product_cat-juego-de-llaves-hex-y-torx","8":"thunk-woo-product-list","9":"opn-qv-enable","10":"open-woo-hover-","11":"open-single-product-tab-horizontal","12":"open-shadow-","13":"open-shadow-hover-","15":"first","16":"instock","17":"shipping-taxable","18":"purchasable","19":"product-type-simple"},"_links":{"self":[{"href":"https:\/\/casaingcosur.com\/index.php?rest_route=\/wp\/v2\/product\/495","targetHints":{"allow":["GET"]}}],"collection":[{"href":"https:\/\/casaingcosur.com\/index.php?rest_route=\/wp\/v2\/product"}],"about":[{"href":"https:\/\/casaingcosur.com\/index.php?rest_route=\/wp\/v2\/types\/product"}],"replies":[{"embeddable":true,"href":"https:\/\/casaingcosur.com\/index.php?rest_route=%2Fwp%2Fv2%2Fcomments&post=495"}],"wp:featuredmedia":[{"embeddable":true,"href":"https:\/\/casaingcosur.com\/index.php?rest_route=\/wp\/v2\/media\/524"}],"wp:attachment":[{"href":"https:\/\/casaingcosur.com\/index.php?rest_route=%2Fwp%2Fv2%2Fmedia&parent=495"}],"wp:term":[{"taxonomy":"product_cat","embeddable":true,"href":"https:\/\/casaingcosur.com\/index.php?rest_route=%2Fwp%2Fv2%2Fproduct_cat&post=495"},{"taxonomy":"product_tag","embeddable":true,"href":"https:\/\/casaingcosur.com\/index.php?rest_route=%2Fwp%2Fv2%2Fproduct_tag&post=495"}],"curies":[{"name":"wp","href":"https:\/\/api.w.org\/{rel}","templated":true}]}}