{"id":490,"date":"2022-04-26T13:43:09","date_gmt":"2022-04-26T13:43:09","guid":{"rendered":"https:\/\/casaingcosur.com\/?post_type=product&#038;p=490"},"modified":"2022-04-26T14:16:01","modified_gmt":"2022-04-26T14:16:01","slug":"grapadora-industrial-800g-ingco","status":"publish","type":"product","link":"https:\/\/casaingcosur.com\/?product=grapadora-industrial-800g-ingco","title":{"rendered":"GRAPADORA INDUSTRIAL 800G INGCO"},"content":{"rendered":"<p>TAMA\u00d1O DE LAS U\u00d1AS: 414MM<\/p>\n<p>DI\u00c1METRO EXTERIOR DE LAS U\u00d1AS: 11.3MM<\/p>\n<p>ANCHO DE LAS U\u00d1AS: 1.12MM<\/p>\n<p>PESO: 800G CON CLAVOS 1000PCS<\/p>\n","protected":false},"excerpt":{"rendered":"<p>TAMA\u00d1O DE LAS U\u00d1AS: 414MM DI\u00c1METRO EXTERIOR DE LAS U\u00d1AS: 11.3MM ANCHO DE LAS U\u00d1AS: 1.12MM PESO: 800G CON CLAVOS 1000PCS<\/p>\n","protected":false},"featured_media":519,"comment_status":"open","ping_status":"closed","template":"","meta":[],"product_cat":[34],"product_tag":[],"class_list":{"0":"post-490","1":"product","2":"type-product","3":"status-publish","4":"has-post-thumbnail","6":"product_cat-herramientas-manuales","7":"thunk-woo-product-list","8":"opn-qv-enable","9":"open-woo-hover-","10":"open-single-product-tab-horizontal","11":"open-shadow-","12":"open-shadow-hover-","14":"first","15":"instock","16":"shipping-taxable","17":"purchasable","18":"product-type-simple"},"_links":{"self":[{"href":"https:\/\/casaingcosur.com\/index.php?rest_route=\/wp\/v2\/product\/490","targetHints":{"allow":["GET"]}}],"collection":[{"href":"https:\/\/casaingcosur.com\/index.php?rest_route=\/wp\/v2\/product"}],"about":[{"href":"https:\/\/casaingcosur.com\/index.php?rest_route=\/wp\/v2\/types\/product"}],"replies":[{"embeddable":true,"href":"https:\/\/casaingcosur.com\/index.php?rest_route=%2Fwp%2Fv2%2Fcomments&post=490"}],"wp:featuredmedia":[{"embeddable":true,"href":"https:\/\/casaingcosur.com\/index.php?rest_route=\/wp\/v2\/media\/519"}],"wp:attachment":[{"href":"https:\/\/casaingcosur.com\/index.php?rest_route=%2Fwp%2Fv2%2Fmedia&parent=490"}],"wp:term":[{"taxonomy":"product_cat","embeddable":true,"href":"https:\/\/casaingcosur.com\/index.php?rest_route=%2Fwp%2Fv2%2Fproduct_cat&post=490"},{"taxonomy":"product_tag","embeddable":true,"href":"https:\/\/casaingcosur.com\/index.php?rest_route=%2Fwp%2Fv2%2Fproduct_tag&post=490"}],"curies":[{"name":"wp","href":"https:\/\/api.w.org\/{rel}","templated":true}]}}