{"id":35,"date":"2022-04-26T13:32:13","date_gmt":"2022-04-26T13:32:13","guid":{"rendered":"https:\/\/casaingcosur.com\/?post_type=product&#038;p=35"},"modified":"2022-04-26T14:15:49","modified_gmt":"2022-04-26T14:15:49","slug":"demoledor-2200w-ingco","status":"publish","type":"product","link":"https:\/\/casaingcosur.com\/?product=demoledor-2200w-ingco","title":{"rendered":"DEMOLEDOR 2200W INGCO"},"content":{"rendered":"<p>Voltaje: 110-120V ~ 60Hz<\/p>\n<p>Potencia de entrada: 2200W<\/p>\n<p>Tasa de impacto: 950 bmp<\/p>\n<p>Fuerza de impacto: 75J30Kg<\/p>\n<p>Interruptor de demolici\u00f3n<\/p>\n<p>Sistema hexagonal SDS de 28mm<\/p>\n<p>Caja met\u00e1lica y caja de engranajes<\/p>\n<p>Cepillos de carb\u00f3n auto-stop<\/p>\n<p>Incluye cinceles de 2 piezas<\/p>\n","protected":false},"excerpt":{"rendered":"<p>Voltaje: 110-120V ~ 60Hz Potencia de entrada: 2200W Tasa de impacto: 950 bmp Fuerza de impacto: 75J30Kg Interruptor de demolici\u00f3n Sistema hexagonal SDS de 28mm Caja met\u00e1lica y caja de engranajes Cepillos de carb\u00f3n auto-stop Incluye cinceles de 2 piezas<\/p>\n","protected":false},"featured_media":64,"comment_status":"open","ping_status":"closed","template":"","meta":[],"product_cat":[18],"product_tag":[],"class_list":{"0":"post-35","1":"product","2":"type-product","3":"status-publish","4":"has-post-thumbnail","6":"product_cat-herramientas-electricas","7":"thunk-woo-product-list","8":"opn-qv-enable","9":"open-woo-hover-","10":"open-single-product-tab-horizontal","11":"open-shadow-","12":"open-shadow-hover-","14":"first","15":"instock","16":"shipping-taxable","17":"purchasable","18":"product-type-simple"},"_links":{"self":[{"href":"https:\/\/casaingcosur.com\/index.php?rest_route=\/wp\/v2\/product\/35","targetHints":{"allow":["GET"]}}],"collection":[{"href":"https:\/\/casaingcosur.com\/index.php?rest_route=\/wp\/v2\/product"}],"about":[{"href":"https:\/\/casaingcosur.com\/index.php?rest_route=\/wp\/v2\/types\/product"}],"replies":[{"embeddable":true,"href":"https:\/\/casaingcosur.com\/index.php?rest_route=%2Fwp%2Fv2%2Fcomments&post=35"}],"wp:featuredmedia":[{"embeddable":true,"href":"https:\/\/casaingcosur.com\/index.php?rest_route=\/wp\/v2\/media\/64"}],"wp:attachment":[{"href":"https:\/\/casaingcosur.com\/index.php?rest_route=%2Fwp%2Fv2%2Fmedia&parent=35"}],"wp:term":[{"taxonomy":"product_cat","embeddable":true,"href":"https:\/\/casaingcosur.com\/index.php?rest_route=%2Fwp%2Fv2%2Fproduct_cat&post=35"},{"taxonomy":"product_tag","embeddable":true,"href":"https:\/\/casaingcosur.com\/index.php?rest_route=%2Fwp%2Fv2%2Fproduct_tag&post=35"}],"curies":[{"name":"wp","href":"https:\/\/api.w.org\/{rel}","templated":true}]}}