{"id":349,"date":"2022-04-26T13:42:43","date_gmt":"2022-04-26T13:42:43","guid":{"rendered":"https:\/\/casaingcosur.com\/?post_type=product&#038;p=349"},"modified":"2022-04-26T14:15:56","modified_gmt":"2022-04-26T14:15:56","slug":"arco-de-sierra-300mm-metalico-industrial-ingco","status":"publish","type":"product","link":"https:\/\/casaingcosur.com\/?product=arco-de-sierra-300mm-metalico-industrial-ingco","title":{"rendered":"ARCO DE SIERRA 300MM METALICO INDUSTRIAL INGCO"},"content":{"rendered":"<p>INGCO Style INDUSTRIAL<\/p>\n<p>Marco de la Sierra de Hacksaw<\/p>\n<p>Tama\u00f1o: 300mm \/ 12 \u00bb<br \/>\nBastidor de acero resistente<\/p>\n<p>Aluminio + mango ABS + TPR, fuerte y c\u00f3modo<br \/>\nTensi\u00f3n ajustable<br \/>\nMecanismo de cambio de cuchilla de liberaci\u00f3n r\u00e1pida<br \/>\nIncluyendo 1pcs 65Mn hoja de sierra<\/p>\n","protected":false},"excerpt":{"rendered":"<p>INGCO Style INDUSTRIAL Marco de la Sierra de Hacksaw Tama\u00f1o: 300mm \/ 12 \u00bb Bastidor de acero resistente Aluminio + mango ABS + TPR, fuerte y c\u00f3modo Tensi\u00f3n ajustable Mecanismo de cambio de cuchilla de liberaci\u00f3n r\u00e1pida Incluyendo 1pcs 65Mn hoja de sierra<\/p>\n","protected":false},"featured_media":378,"comment_status":"open","ping_status":"closed","template":"","meta":[],"product_cat":[49,34],"product_tag":[],"class_list":{"0":"post-349","1":"product","2":"type-product","3":"status-publish","4":"has-post-thumbnail","6":"product_cat-arcos-de-sierra","7":"product_cat-herramientas-manuales","8":"thunk-woo-product-list","9":"opn-qv-enable","10":"open-woo-hover-","11":"open-single-product-tab-horizontal","12":"open-shadow-","13":"open-shadow-hover-","15":"first","16":"instock","17":"shipping-taxable","18":"purchasable","19":"product-type-simple"},"_links":{"self":[{"href":"https:\/\/casaingcosur.com\/index.php?rest_route=\/wp\/v2\/product\/349","targetHints":{"allow":["GET"]}}],"collection":[{"href":"https:\/\/casaingcosur.com\/index.php?rest_route=\/wp\/v2\/product"}],"about":[{"href":"https:\/\/casaingcosur.com\/index.php?rest_route=\/wp\/v2\/types\/product"}],"replies":[{"embeddable":true,"href":"https:\/\/casaingcosur.com\/index.php?rest_route=%2Fwp%2Fv2%2Fcomments&post=349"}],"wp:featuredmedia":[{"embeddable":true,"href":"https:\/\/casaingcosur.com\/index.php?rest_route=\/wp\/v2\/media\/378"}],"wp:attachment":[{"href":"https:\/\/casaingcosur.com\/index.php?rest_route=%2Fwp%2Fv2%2Fmedia&parent=349"}],"wp:term":[{"taxonomy":"product_cat","embeddable":true,"href":"https:\/\/casaingcosur.com\/index.php?rest_route=%2Fwp%2Fv2%2Fproduct_cat&post=349"},{"taxonomy":"product_tag","embeddable":true,"href":"https:\/\/casaingcosur.com\/index.php?rest_route=%2Fwp%2Fv2%2Fproduct_tag&post=349"}],"curies":[{"name":"wp","href":"https:\/\/api.w.org\/{rel}","templated":true}]}}