{"id":335,"date":"2022-04-26T13:42:42","date_gmt":"2022-04-26T13:42:42","guid":{"rendered":"https:\/\/casaingcosur.com\/?post_type=product&#038;p=335"},"modified":"2022-04-26T14:15:56","modified_gmt":"2022-04-26T14:15:56","slug":"alicate-multifunciones-6-ingco","status":"publish","type":"product","link":"https:\/\/casaingcosur.com\/?product=alicate-multifunciones-6-ingco","title":{"rendered":"ALICATE MULTIFUNCIONES 6&#8243; INGCO"},"content":{"rendered":"<p>Mango de acero inoxidable con empu\u00f1adura de goma blanda.<br \/>\nComponentes de acero inoxidable<br \/>\nPlegable, f\u00e1cil de llevar<br \/>\nIncluye 1pcs bolsa de cintur\u00f3n de nylon<br \/>\nTama\u00f1o total \uff1a 155mm<br \/>\ntama\u00f1o cerrado \uff1a 100mm<br \/>\nCon 15 funciones<br \/>\n1. Alicates de punta plana 2. Alicates regulares<br \/>\n3.Cortadoras de alambre 4.Cuchillo de filo<br \/>\nDestornillador 5.3 # 6. Abrebotellas<br \/>\nDestornillador 7.5 # Destornillador 8.7 #<br \/>\n9. Cuchillo serrado 10. Sierra de madera<br \/>\n11.Enganche multiusos 12. Removedor de ganchos<br \/>\n13. Destornillador Phillips 14. Puede abridor<br \/>\n15.Archivo de metal \/ madera<\/p>\n","protected":false},"excerpt":{"rendered":"<p>Mango de acero inoxidable con empu\u00f1adura de goma blanda. Componentes de acero inoxidable Plegable, f\u00e1cil de llevar Incluye 1pcs bolsa de cintur\u00f3n de nylon Tama\u00f1o total \uff1a 155mm tama\u00f1o cerrado \uff1a 100mm Con 15 funciones 1. Alicates de punta plana 2. Alicates regulares 3.Cortadoras de alambre 4.Cuchillo de filo Destornillador 5.3 # 6. Abrebotellas Destornillador &hellip;<\/p>\n<p class=\"read-more\"> <a class=\" thunk-readmore button \" href=\"https:\/\/casaingcosur.com\/?product=alicate-multifunciones-6-ingco\"> <span class=\"screen-reader-text\">ALICATE MULTIFUNCIONES 6&#8243; INGCO<\/span>Leer m\u00e1s<\/a><\/p>\n","protected":false},"featured_media":365,"comment_status":"open","ping_status":"closed","template":"","meta":[],"product_cat":[47,34],"product_tag":[],"class_list":{"0":"post-335","1":"product","2":"type-product","3":"status-publish","4":"has-post-thumbnail","6":"product_cat-alicates","7":"product_cat-herramientas-manuales","8":"thunk-woo-product-list","9":"opn-qv-enable","10":"open-woo-hover-","11":"open-single-product-tab-horizontal","12":"open-shadow-","13":"open-shadow-hover-","15":"first","16":"instock","17":"shipping-taxable","18":"purchasable","19":"product-type-simple"},"_links":{"self":[{"href":"https:\/\/casaingcosur.com\/index.php?rest_route=\/wp\/v2\/product\/335","targetHints":{"allow":["GET"]}}],"collection":[{"href":"https:\/\/casaingcosur.com\/index.php?rest_route=\/wp\/v2\/product"}],"about":[{"href":"https:\/\/casaingcosur.com\/index.php?rest_route=\/wp\/v2\/types\/product"}],"replies":[{"embeddable":true,"href":"https:\/\/casaingcosur.com\/index.php?rest_route=%2Fwp%2Fv2%2Fcomments&post=335"}],"wp:featuredmedia":[{"embeddable":true,"href":"https:\/\/casaingcosur.com\/index.php?rest_route=\/wp\/v2\/media\/365"}],"wp:attachment":[{"href":"https:\/\/casaingcosur.com\/index.php?rest_route=%2Fwp%2Fv2%2Fmedia&parent=335"}],"wp:term":[{"taxonomy":"product_cat","embeddable":true,"href":"https:\/\/casaingcosur.com\/index.php?rest_route=%2Fwp%2Fv2%2Fproduct_cat&post=335"},{"taxonomy":"product_tag","embeddable":true,"href":"https:\/\/casaingcosur.com\/index.php?rest_route=%2Fwp%2Fv2%2Fproduct_tag&post=335"}],"curies":[{"name":"wp","href":"https:\/\/api.w.org\/{rel}","templated":true}]}}