{"id":147,"date":"2022-04-26T13:41:49","date_gmt":"2022-04-26T13:41:49","guid":{"rendered":"https:\/\/casaingcosur.com\/?post_type=product&#038;p=147"},"modified":"2022-04-26T14:15:51","modified_gmt":"2022-04-26T14:15:51","slug":"bomba-de-agua-jet-1hp","status":"publish","type":"product","link":"https:\/\/casaingcosur.com\/?product=bomba-de-agua-jet-1hp","title":{"rendered":"BOMBA DE AGUA JET 1HP"},"content":{"rendered":"<p>Voltaje: 110-120V ~ 60Hz<br \/>\nPotencia de entrada: 750W (1HP)<br \/>\nMax.head: 45M<br \/>\nMax.flow: 60L \/ min<br \/>\nMaxucci\u00f3n: 9M<br \/>\nDi\u00e1metro de la tuber\u00eda: 1 \u00abx1\u00bb<br \/>\nMotor de alambre de cobre<br \/>\nImpulsor de cobre<br \/>\nCable de 0,15 m de longitud<\/p>\n","protected":false},"excerpt":{"rendered":"<p>Voltaje: 110-120V ~ 60Hz Potencia de entrada: 750W (1HP) Max.head: 45M Max.flow: 60L \/ min Maxucci\u00f3n: 9M Di\u00e1metro de la tuber\u00eda: 1 \u00abx1\u00bb Motor de alambre de cobre Impulsor de cobre Cable de 0,15 m de longitud<\/p>\n","protected":false},"featured_media":173,"comment_status":"open","ping_status":"closed","template":"","meta":[],"product_cat":[38],"product_tag":[],"class_list":{"0":"post-147","1":"product","2":"type-product","3":"status-publish","4":"has-post-thumbnail","6":"product_cat-bombas-de-agua","7":"thunk-woo-product-list","8":"opn-qv-enable","9":"open-woo-hover-","10":"open-single-product-tab-horizontal","11":"open-shadow-","12":"open-shadow-hover-","14":"first","15":"instock","16":"shipping-taxable","17":"purchasable","18":"product-type-simple"},"_links":{"self":[{"href":"https:\/\/casaingcosur.com\/index.php?rest_route=\/wp\/v2\/product\/147","targetHints":{"allow":["GET"]}}],"collection":[{"href":"https:\/\/casaingcosur.com\/index.php?rest_route=\/wp\/v2\/product"}],"about":[{"href":"https:\/\/casaingcosur.com\/index.php?rest_route=\/wp\/v2\/types\/product"}],"replies":[{"embeddable":true,"href":"https:\/\/casaingcosur.com\/index.php?rest_route=%2Fwp%2Fv2%2Fcomments&post=147"}],"wp:featuredmedia":[{"embeddable":true,"href":"https:\/\/casaingcosur.com\/index.php?rest_route=\/wp\/v2\/media\/173"}],"wp:attachment":[{"href":"https:\/\/casaingcosur.com\/index.php?rest_route=%2Fwp%2Fv2%2Fmedia&parent=147"}],"wp:term":[{"taxonomy":"product_cat","embeddable":true,"href":"https:\/\/casaingcosur.com\/index.php?rest_route=%2Fwp%2Fv2%2Fproduct_cat&post=147"},{"taxonomy":"product_tag","embeddable":true,"href":"https:\/\/casaingcosur.com\/index.php?rest_route=%2Fwp%2Fv2%2Fproduct_tag&post=147"}],"curies":[{"name":"wp","href":"https:\/\/api.w.org\/{rel}","templated":true}]}}